remainder when d(c) is divided by 5.
2
Let u be ((-1)/(-5))/((-19)/95). Let a = 3 + -1. Let o = a + u. Calculate the remainder when 3 is divided by o.
0
Calculate the remainder when (3 + (0 - 5))*34/(-4) is divided by 9.
8
Calculate the remainder when 156 is divided by 1 - (-36 + (3 - -4) + -7).
8
Let i = 347 - 321. Calculate the remainder when 180 is divided by i.
24
Let z(m) = -2*m**3 + 2. Let l be z(-2). Suppose -5*f - 6*h = -h - 65, -19 = -2*f + 5*h. What is the remainder when f is divided by l/4 + 4/8?
2
Let b(f) = 9*f + 9. Calculate the remainder when 267 is divided by b(9).
87
Let k = 21268 + -21259. Let f = -6 - -11. Suppose 4*x + x + u = 128, 3*x = -f*u + 68. What is the remainder when x is divided by k?
8
Suppose 0 = m + 4*y + 20 - 4, 5*m - 5*y - 45 = 0. Suppose 13 = 5*f - m*g, 3*f - 2*g - 4 = f. Calculate the remainder when 12 is divided by f.
2
Suppose -7*g + 160 = -274. Let m(w) = 3*w - 5. What is the remainder when g is divided by m(7)?
14
Suppose -2*h - r + 10 = 0, -3*h + 6*h - 5*r - 15 = 0. Let d be h/2 - (-36)/(-24). Calculate the remainder when (-33)/((-1)/d) - 3 is divided by 17.
13
Let s(g) = 9*g**3 - 5*g**2 + g - 5. Calculate the remainder when s(3) is divided by 40.
36
Let i(h) = h**2 - 31. Let l be i(-6). Suppose 0 = -l*z + 3*z + 122. Calculate the remainder when z is divided by 13.
9
Suppose 0*n + 2*n - 3*y - 43 = 0, -2*n + 36 = 4*y. What is the remainder when n is divided by 11?
9
Calculate the remainder when 8/3*(16 + -7) is divided by 10.
4
Let q = -419 - -422. Calculate the remainder when 6 is divided by q.
0
Let z = -28 - -31. Suppose 4*j = 2*a + 2*j - 32, -5*a = z*j - 120. Calculate the remainder when 76 is divided by a.
13
Let h(m) be the third derivative of 37*m**4/24 + m**3/3 - 7*m**2. Let j be h(2). Let d = -53 + j. Calculate the remainder when d is divided by 13.
10
Let a(i) = -60*i - 244. What is the remainder when 477 is divided by a(-6)?
13
Let l = 0 + 10. Let w = 29 - l. Let p(s) = -38*s - 2. Calculate the remainder when p(-1) is divided by w.
17
Suppose -3*m + x + 87 = 5*x, -45 = -m + 4*x. Suppose 5*t = -5*y - 35, 3*y + 14 = 2. What is the remainder when m is divided by (-73)/(-6) + t/18?
9
Let w = 46 + -26. Let u = 153 - 75. Calculate the remainder when u is divided by w.
18
Suppose 4 = -2*s, 3*u + 15 = -2*s - 31. What is the remainder when 25 is divided by (-3 - -4)/((-2)/u)?
4
Suppose 0 = x - 2*p - 36, 4*x = -0*x - p + 135. Suppose -6*f = -8*f + x. What is the remainder when 29 is divided by f?
12
Suppose -2*c = -3*c. Let h be c*(1 + (-9)/6). Suppose -54 = -3*u - h*u. What is the remainder when 35 is divided by u?
17
Suppose 0 = -5*i + 2*j + 47, -30*j - 4 = -31*j. Calculate the remainder when 931 is divided by i.
7
Let x = -76 - -96. Suppose p - x = -7. What is the remainder when 90 is divided by p?
12
Suppose -4*p + 586 = 2*x, -3*p - p + 604 = -4*x. Calculate the remainder when p is divided by 50.
48
Suppose 4*b = -b + 1875. Suppose 0 = p + 4*p - b. Calculate the remainder when p is divided by 11.
9
Suppose -o - 2*o = -18. Let j = 8 - o. Calculate the remainder when 20 is divided by -3 + j + 0 + 7.
2
Let g = 4 + 28. Suppose 61 = 3*x - g. Calculate the remainder when x is divided by 4/6*33/2.
9
Let y be (-4)/3 - 4/6. Let d = 184 + -178. Calculate the remainder when 0/1 - (y - 20) is divided by d.
4
What is the remainder when 49 is divided by (-5254)/(-518) - 12/(-14)?
5
Let l(p) = 2*p - 3. Let i be l(-2). Let x = i + 20. What is the remainder when 38 is divided by x?
12
Let a = 25 - 16. Let s(g) = -g**2 + 10*g + 15. Calculate the remainder when 93 is divided by s(a).
21
Suppose 5*z = -p + 20, 4*p - 10 - 70 = z. What is the remainder when 1 - -87 - (-2988)/332 is divided by p?
17
Suppose -3*o - 20 = -2*f + 3, 54 = 3*f + 2*o. Let k = f - -10. Calculate the remainder when k is divided by 9.
8
Calculate the remainder when 243 is divided by 12*(4/1 - 35/14).
9
Let x = -5 - -9. Suppose 5*k - l - 177 = 0, x*k - 76 - 70 = 3*l. Let h = 109 + -90. What is the remainder when k is divided by h?
16
Suppose -28*x - 389 + 7585 = 0. What is the remainder when x is divided by 31?
9
Let v = 23 - 48. Let p = 34 + v. Calculate the remainder when 16 is divided by p.
7
Let s(c) = -c**3 - 6*c**2 - 11*c - 27. Let p be s(-5). Suppose 0*m + 135 = 5*o + p*m, -4*m = o - 10. What is the remainder when o is divided by 16?
14
Let t(y) = y**3 + 65. Let w be 9/((-270)/(-24))*5. Suppose -o - 152 = -w*a - 5*o, 3*o + 22 = a. Calculate the remainder when t(0) is divided by a.
31
Suppose -11*o = -151 - 245. Calculate the remainder when o is divided by 28.
8
Let b(q) = -78*q - 9. Let d be b(-2). Let z = -126 + d. What is the remainder when (2 - 50)*(-5)/4 is divided by z?
18
Suppose 2 - 5 = -g. Calculate the remainder when 30/(-9)*(-12)/8 is divided by g.
2
Let f = -761 - -1117. Let k = 508 - f. Suppose k = 3*t - 2*m - 16, 0 = -t - m + 51. Calculate the remainder when t is divided by 14.
12
Let i(r) = -2*r - 16. Let g be i(-7). Calculate the remainder when 51 + g + -1 + 4 is divided by (-328)/(-18) - (-2)/(-9).
16
What is the remainder when -4*49/(-4)*72/28 is divided by 109?
17
Suppose -3*r + 4*r - 308 = 5*q, -r - 4*q = -335. What is the remainder when r is divided by 54?
53
Let y be (0 - 2)/((-1)/6). Let z = -26 + y. Let l = 26 - z. Calculate the remainder when l is divided by 14.
12
Let y = 64 - 1. Suppose 24 = 5*m - 41. What is the remainder when y is divided by m?
11
Suppose -q + 211 = 5*k - 199, -20 = -4*q. Calculate the remainder when k is divided by 42.
39
Let h = -40 + 32. Let d(p) = -p**3 - 8*p**2 - p + 7. Suppose 0 = 4*g - 3*f - 251, 5*g + f = 4*f + 310. Calculate the remainder when g is divided by d(h).
14
Let b be 0/(1 + 5/5). Suppose -5*a + 4*q + 43 = b, -5*q = -5*a + 21 + 19. Calculate the remainder when a is divided by 7.
4
Let m(c) = c**2 + 16*c + 125. What is the remainder when 192 is divided by m(-6)?
62
Let u = 1 + -1. Let f = -46 - -108. Suppose d = -3*o + f, u = d + 8*o - 3*o - 64. What is the remainder when d is divided by 15?
14
Suppose -5*n + 43 = -162. Let b = n - 18. What is the remainder when 89 is divided by b?
20
Let f(o) = -6*o - 17. Calculate the remainder when f(-24) is divided by 13.
10
Let n = -76 - 31. Let q = -62 - n. What is the remainder when 132 is divided by q?
42
Let b(k) be the third derivative of k**6/120 + 11*k**5/60 + k**4/3 - 7*k**3/6 + 31*k**2. Calculate the remainder when 31 is divided by b(-10).
5
Calculate the remainder when (-2 - (-60)/(-36))/(2/(-66)) is divided by 43.
35
Suppose 18 = 4*d - 6*d. Suppose 2*j + 42 = 8*j. What is the remainder when j is divided by (-4)/(-6) - 39/d?
2
Suppose 0 = -4*y + y + 78. Suppose -3*m - 3 = 15. Let h(c) = -c**3 - 5*c**2 + 4*c - 3. Calculate the remainder when y is divided by h(m).
8
Suppose -t = -13*v + 9*v + 258, 0 = 3*v + t - 197. What is the remainder when 129 is divided by v?
64
Let y(h) = -10*h**3 - h**2 - h + 1. Let t be y(1). Let j(f) = 6*f + 2. Let p be j(3). Let i = p + t. What is the remainder when 16 is divided by i?
7
Let o = 48 - 24. Let x(y) = y**3 + 9*y**2 - 4*y + 10. Let u be x(-9). Calculate the remainder when (4 + (-10)/4)*u is divided by o.
21
Let r(h) = h**2 + 7 - 1 + 5*h + 0*h**2. Suppose -5*i - 40 = 5*u, 2*u + 2*i - 6*i - 2 = 0. What is the remainder when 21 is divided by r(u)?
3
Suppose 7*c - 9*c = -148. Let i(l) = 46*l**2 - l - 1. Let x be i(-1). Suppose x = -4*b + 122. Calculate the remainder when c is divided by b.
17
Let r be ((-8)/(-12))/(2/897). Let s = r - 212. What is the remainder when s is divided by 22?
21
Suppose -12*d = -11*d - 1. What is the remainder when 29 is divided by d/(-2) + 18/4 + 6?
9
Let d = -235 - -523. Let f = d + -23. Calculate the remainder when f is divided by 67.
64
Suppose -5*v - 8*p + 541 = -4*p, -v - 2*p + 107 = 0. Suppose -7*o + 2*o - 10 = 0, -3*h - 2*o = -80. What is the remainder when v is divided by h?
25
Suppose -12*d = -10946 + 1574. Calculate the remainder when d is divided by 17.
16
Let b = -17 + 19. Suppose -b*z + 0*z - 13 = -5*j, -3*z - 9 = 3*j. Calculate the remainder when 1 is divided by j.
0
Let a = -1757 + 1782. Calculate the remainder when a is divided by 20.
5
Let p(q) be the first derivative of -q**2/2 + 4*q - 2. What is the remainder when 3 is divided by p(2)?
1
Let a be 1 -